g) = g**3 - 11*g**2 + 2*g + 10. Suppose b - 56 = -5*z, -3*b + 12 = 2*z - 13. What is f(z)?
32
Let y be (0 - -5)*(-6)/(-15). Let u(h) = 2*h**2 - 3*h - 3*h - 1 + y*h. Suppose -4*q = 99 - 111. Determine u(q).
5
Let p(g) be the third derivative of -5*g**4/24 + 7*g**3/3 + 3*g**2 + 105. Give p(3).
-1
Let i(x) be the first derivative of -x**5/60 - x**3/6 + 11*x**2 + 27. Let r(d) be the second derivative of i(d). Let c be 2 - 2 - 2/1. Give r(c).
-5
Let g(i) = -17*i + 40. Let t be g(2). Let a(l) = -l**3 + 5*l**2 + 3*l + 5. What is a(t)?
-13
Let t(c) = -c**2 - 2*c**3 + c + 0*c**3 + 10 - 12 + 0*c**3. Determine t(-2).
8
Suppose -2*h + k = 0, -30*h + 2*k + 10 = -31*h. Let c(r) = -6*r**3 - 2*r**2 - 3*r - 2. What is c(h)?
44
Let y be 15*1/((-15)/(-10)). Let k(d) = 0*d - 1 + 3*d + 4*d + y*d. Calculate k(1).
16
Let i(o) = -6*o - 6. Let b(t) = -8*t - 5. Let r(q) = -5*b(q) + 4*i(q). Give r(2).
33
Suppose n + 1 = -4*k, -k - 3*k + n + 9 = 0. Suppose j + 3*g + 0*g = k, -2*j + 6 = 2*g. Let p(a) = -3*a**3 + j*a + 2*a**3 + 8 - 1 - 5*a**2. Determine p(-5).
-13
Let a = -9 - -5. Let d(u) = 2*u**2 - 6*u - 6. Let z(j) = -5*j**2 + 12*j + 13. Let q(m) = m + 9. Let p be q(-6). Let t(w) = p*z(w) + 7*d(w). Give t(a).
5
Let h = -23 - -16. Let l = 10 + h. Let k(u) = 3*u + 6 + l*u**2 - 13*u**2 - u**3 + 5*u**2. Calculate k(-5).
-9
Let y(a) be the first derivative of a**2/2 + 6*a + 89. Determine y(8).
14
Let n(d) = -d**3 + 15*d**2 - 9*d + 6. Let i(m) = -2*m**3 + 29*m**2 - 18*m + 13. Let s(b) = -6*i(b) + 11*n(b). What is s(8)?
-4
Let h(d) = -7*d + 14*d**2 - 2*d**3 + 10*d + 4 + 10*d + 3*d**3. Determine h(-13).
4
Let v(d) be the second derivative of 7*d + 1/2*d**3 + 1/2*d**2 + 0. Calculate v(1).
4
Let i(t) = -214*t + 72*t + 67*t + 74*t - 7*t**2. Let w be -3*(0 - 1/3). Calculate i(w).
-8
Let g(z) = z**2 + 3*z. Let j be g(-3). Suppose j = -4*l + 1 + 27. Let w(m) = -2*m - 1. Calculate w(l).
-15
Let s(f) = f**2 + 5*f - 1. Let y be s(-5). Let k(t) be the third derivative of t**6/120 - t**4/24 - t**3/6 + 4*t**2. Calculate k(y).
-1
Let b(x) = -x - 9. Let a(j) = j + 8. Suppose 18 = 5*k - 0*u + 2*u, -16 = -4*u. Let y(w) = k*b(w) + 3*a(w). What is y(-5)?
1
Let x(q) = -2*q**2 + 8*q - 3. Let p = 108 + -103. Calculate x(p).
-13
Suppose 3*p + 2*m + 32 = 0, -3*m + 15 = -4*p - 5. Let c(h) = -h**2 - 4*h + 26. Give c(p).
-6
Let a(j) = -j**2 - j + 6. Let c be a(2). Let x = 12 - 8. Let n(i) = -4*i**2 + 5*i**2 + 0*i**2 + 2*i + c*i - x. Calculate n(-4).
4
Let a be 1/(-2) + 8/16. Let u(x) = 2*x + 4*x - 4*x + 1 + a*x. Let f = 32 - 29. What is u(f)?
7
Let r(i) be the second derivative of i**4/12 + i**3 - 2*i**2 + 6*i - 7. Suppose -4*j = 29 - 9. What is r(j)?
-9
Suppose -20*u + 160 = -4*u. Let z(p) = p**3 - 10*p**2 - p + 11. Determine z(u).
1
Let a(h) = -20 - 22 + 67 - 4*h - 23 - h**2 - h. Suppose -g + 2*r = 6*r - 3, -4*g + 12 = 2*r. Let u be (g - 10) + (-2)/(-2). Determine a(u).
-4
Suppose 0 = -11*c + 6*c + 10. Suppose 4*x - c = -10. Let g(w) = 7*w - 1. Calculate g(x).
-15
Let h = -107 + 113. Let i(z) = -z**3 + 6*z**2 - 3*z + 2. Let j(q) = -2*q**3 + 12*q**2 - 7*q + 3. Let s = -2 - -9. Let k(a) = s*i(a) - 3*j(a). What is k(h)?
5
Let j(s) = -s**2 + 15*s - 29. Let l be ((-1584)/(-60))/(-11)*-5. Determine j(l).
7
Suppose -3*x + 18 = z - 4, 5*z = 5*x - 70. Let l(r) = r**3 - 9*r**2 + 5. Determine l(x).
5
Let m = 27 + -54. Let b be m/(-7) - (-3)/21. Suppose n = -3*i + 6 - b, 1 = -n. Let v(j) = -8*j. Give v(i).
-8
Let v(x) be the first derivative of x**4/2 + 5*x**3/3 - 2*x**2 + 9. What is v(-4)?
-32
Let i(k) be the second derivative of -5*k**4/12 + k**3/6 - k**2/2 - k + 264. Let v(m) = -m + 1. Let z be v(0). Give i(z).
-5
Let k(a) = -19*a**2 - 2*a - 1. Let j = 171 + -172. Give k(j).
-18
Let c = -2 - -6. Suppose -3*s = -2*f - 22, 6 = -c*s - 4*f + 2. Let i(u) be the third derivative of -u**5/60 + u**4/8 - 52*u**2 + 1. What is i(s)?
-4
Let k(p) = -2*p**2 + 6*p + 11. Let c(a) = 2*a**2 - 5*a - 10. Let m(q) = 7*c(q) + 6*k(q). What is m(-2)?
2
Let s(z) = z**3 + 2*z**2 - 2*z + 1. Let r = -1649 + 1646. Calculate s(r).
-2
Let h(p) = 4*p - 6. Let u(m) = -2*m + 3. Let s(g) = 4*h(g) + 9*u(g). Let w(q) = q**3 + 5*q**2 + 7*q + 3. Let z be w(-3). Suppose -b + 4 - 9 = z. What is s(b)?
13
Let b(g) = -2*g**2 - 5*g - 4. Let j be (-2)/(3/18*-4). Suppose j = 14*h - 15*h. Calculate b(h).
-7
Let f(m) be the third derivative of -1 - 5/6*m**3 + 1/12*m**4 + 0*m + 7*m**2. Let o(u) = u - 2. Let w be o(-2). What is f(w)?
-13
Let i(v) = -v - 11. Let x be i(-12). Suppose 3*b - 9 = -h, h - 8 = 2*b + x. Let o(z) = z**2 - 10*z + 6. What is o(h)?
-3
Let q be (20/15)/((-8)/(-12)). Suppose 2*j + q*s + 52 = 0, -57 = -0*j + 2*j + 3*s. Let o = -18 - j. Let u(a) = -a. What is u(o)?
-3
Let x(h) = -3*h + 3. Let c be (-3)/18 - (-15)/(-18). Calculate x(c).
6
Suppose -39*s = -9*s + 180. Let t(m) = -m - 10. Give t(s).
-4
Let o(g) be the third derivative of g**8/20160 + g**7/720 + 41*g**5/60 - 41*g**2. Let l(c) be the third derivative of o(c). Give l(-7).
0
Let j(s) = -5*s - 4. Suppose 0 = 7*m - 2*m + 280. Let r = -60 - m. Give j(r).
16
Let a be 200/6 - 2/6. Suppose -11*q + 19*q = 40. Suppose 0 = -w + 4*p - q*p - 7, -a = 4*w + 5*p. Let s(g) = -g**2 + 1. Calculate s(w).
-3
Let y be 3/(-2) + (-40)/(-16). Let h(q) = 5*q**3 - 1. What is h(y)?
4
Let a(w) = -6*w + 1. Let r = -23 + 33. Let d(b) = 12*b + 1. Let t be d(-1). Let j = r + t. What is a(j)?
7
Let l be (1 + -3 + 16)/(-1 - 1). Let r(b) = b**3 + 7*b**2 - 7. Give r(l).
-7
Let u be 7/(-56) + 99/24. Let j(l) = -l**3 + 3*l**2 + 6*l - 10. Give j(u).
-2
Let g(r) = r**3 - 4*r**2 + 2*r - 4. Let x(h) be the third derivative of h**4/4 - 11*h**3/2 - h**2. Let k be x(6). Calculate g(k).
-7
Let l(n) = -34*n**2 + 16*n - 11. Let p(b) = -7*b**2 + 3*b - 2. Suppose 0 = 4*o + 11 - 3. Let s(d) = o*l(d) + 11*p(d). Give s(1).
-8
Let t(b) = 3*b + 9. Let s be (9 - 3)*((-10)/6 + 1). Determine t(s).
-3
Let x(s) be the second derivative of -s**6/120 + s**5/60 + s**3/6 + 3*s**2/2 - 5*s. Let z(q) be the first derivative of x(q). Give z(-2).
13
Let f(t) = -t**3 - 4*t**2 + t + 4. Suppose -4*l - 3*i + 39 = 0, -3*l - 4*i + 28 = -10. Let x(w) = -2 + 4*w + l - 3. Let v be x(-1). Determine f(v).
-8
Let l(h) be the first derivative of h**4/4 + 2*h**3 + 3*h**2 + 4*h - 73. Calculate l(-5).
-1
Let t(w) be the third derivative of w**6/120 - w**5/10 + w**4/8 - 2*w**3/3 - w**2. Let k(r) = r**3 - 6*r**2 - 7*r + 5. Let i be k(7). Determine t(i).
-14
Let v(k) = 9*k - 4*k + 10 - k**2 - 5. Let c be v(4). Suppose -4*d + 25 = c. Let p(z) = z + 2. Give p(d).
6
Let l be 1/(-4*2/(-224)). Suppose 0 = -4*b + 24 + l. Suppose -2*h + 7*h - b = 4*d, -4*h = -3*d - 10. Let u(o) = 2*o - 1. Give u(d).
-5
Let b(z) be the first derivative of 9*z**2/2 + z + 318. Let d(k) = k**2 - 5*k + 2. Let m be d(5). Determine b(m).
19
Let y(w) be the second derivative of w**5/20 - 19*w**4/12 - 3*w**3 - 41*w**2/2 + w - 26. Give y(20).
-1
Let s(t) = t**2 - 5*t + 2. Suppose 0 = 4*m - 5*r - 423, 0*r + 3*r = 3. Suppose -m*n = -102*n - 25. Calculate s(n).
2
Let z(i) be the second derivative of -i**5/2 + i**3/6 + i**2/2 + 48*i + 3. Calculate z(-1).
10
Let k(b) = -b + 295 - 148 - 152. What is k(-5)?
0
Let k be (165/11 - 11)/((-1)/6). Let r(t) = -t**3 - 25*t**2 - 25*t - 12. Give r(k).
12
Let z(j) = 4*j + 26. Suppose -3*a - 16 = -a. Calculate z(a).
-6
Let d(q) = -2 - 3 + 1 + 10 - 18*q**2 - 7 - 2*q. Suppose x = 5*x - s + 8, 4*x = -2*s + 4. Calculate d(x).
-17
Suppose f = 79 - 76. Let p(n) = -10*n - 3 + 2*n + 6*n + f*n. Calculate p(6).
3
Let l be (-4*(-5)/(-14))/(15/(-105)). Let f(z) = -z**2 + 9*z + 9. What is f(l)?
-1
Suppose -3*h + 18 - 3 = 0. Let k(i) = i**3 - 7*i**2 + 6*i + 1. Let v be k(6). Let m(l) = -4*l + 2 + v + h*l - 2*l. Determine m(4).
-1
Let i(x) be the second derivative of -x**3/2 + x**2/2 + x - 13. Let h = 16 - 10. Determine i(h).
-17
Let c be 0*4/16*-2. Let x be 0 - (2 - c) - -5. Let r(v) = x*v**2 + 2 + 2*v**2 + 2*v + v**3 - 2*v**2. Calculate r(-3).
-4
Suppose -425*l + 44 = -447*l. Let h(d) = -4 + 3*d**2 + 2*d**3 + 0 + 3. What is h(l)?
-5
Let j(n) = 8*n**3 + 50*n**2 - 66*n + 14. Let l(t) = -3*t**3 - 17*t**2 + 23*t - 5. Let a(p) = -4*j(p) - 11*l(p). Calculate a(12).
-13
Let f be (-2)/(2 + (-10)/4). Let w(c) be the third derivative of -c**6/240 + c**5/24 - 5*c**4/24 - 7*c**2. Let u(n) b